, 4*i = -o + 9 + 20. Let u(k) = 7*k + 20. Let r be u(i). List the prime factors of (r/(-6))/(2/(-18)).
3, 31
Suppose -19*v + 68*v - 18228 = 0. Let a = v + 123. List the prime factors of a.
3, 5, 11
Suppose -20*w + 6*w + 114135 + 50365 = 0. What are the prime factors of w?
2, 5, 47
Suppose o = 71 + 393. Let t = 951 - o. Suppose -t = 10*b - 1507. List the prime factors of b.
2, 3, 17
Let u(x) = x**2 + 30*x - 12. Let q be u(-31). Suppose 20*g = q*g + 173. What are the prime factors of g?
173
Let d(v) = -54*v**2 + v. Let s be d(-1). Let r = s + 58. Suppose r*a - 71 = 217. List the prime factors of a.
2, 3
Let x = -15792 + 26773. List the prime factors of x.
79, 139
Let t be (-29 - -32)*(-2296)/(-6). Suppose 0 = -67*u + 65*u + t. List the prime factors of u.
2, 7, 41
Let t = 469 + -105. What are the prime factors of 2 + t + (-4 - -2 - 2)?
2, 181
Let s(y) = y**3 + 12*y**2 - 19*y - 28. Let g(a) = 2*a + 18. Let h be g(-15). What are the prime factors of s(h)?
2, 5
Suppose 51*p + 737411 - 4927753 = 79684. List the prime factors of p.
2, 41863
Let l be 2471/(-6) + (-2)/12 + 0. Let y = l - -1071. Suppose -f = -5, y = -2*r + 5*r - 5*f. List the prime factors of r.
2, 3, 19
Let j(r) = r**3 + 5*r**2 + 4*r. Let q be j(-4). Let v(f) = 37*f + 53. Let w be v(3). Suppose q = -4*g - 0*g + w. List the prime factors of g.
41
Suppose -5*p = 3*v - 33838, 80*p - 4*v + 33844 = 85*p. What are the prime factors of p?
2, 19, 89
Let a(l) be the third derivative of -8*l**4/3 - 176*l**3/3 - l**2 + 17*l. List the prime factors of a(-12).
2, 13
Let x(j) be the third derivative of j**4/2 + 3*j**3 - 48*j**2. What are the prime factors of x(4)?
2, 3, 11
Suppose -24 = -11*f + 31. Suppose f*p - 250 = -2*b + 66, -4*p + 254 = 2*b. List the prime factors of (2 - 7)/((-2)/p) + -3.
2, 19
Let z be 0 + 3/(-3) - (-3 + -6). Suppose -12*n = -z*n. Suppose n = 4*r - 16*r + 1728. What are the prime factors of r?
2, 3
Let v = -18223 - -35041. List the prime factors of v.
2, 3, 2803
Suppose -2*v - v = 4*h + 561, 3*h + 5*v + 429 = 0. Let c = h - -141. Suppose -c - 19 = -2*t. What are the prime factors of t?
11
Suppose -3*s - 5*z = -17828, -862*s + 860*s + 11855 = -z. List the prime factors of s.
3, 659
Let l(z) = 6*z**2 - 332*z - 182. Let v be l(56). Suppose 0 = 4*p + 2*i - 48, -2*i = 3*p + 2*p - 62. Suppose -2520 = -p*r - v. List the prime factors of r.
3, 59
Let t(n) be the first derivative of -n**4/2 + 5*n**3/3 + 5*n**2/2 + 6*n - 71. Let k be (20/(-25))/(2/10). What are the prime factors of t(k)?
2, 97
What are the prime factors of (37812/(-10))/(212/(-2650))?
3, 5, 23, 137
Let s(a) = -29717*a**3 + 2*a**2 - 7*a - 8. List the prime factors of s(-1).
2, 3, 13, 127
What are the prime factors of 1918160/110 - -11 - (-2)/33*3?
17449
Let a = 13680 - 2155. What are the prime factors of a?
5, 461
What are the prime factors of (3 + 274/(-10))/(10/(-4650))?
2, 3, 31, 61
Let r be 51/(-12) - -4 - (-3866)/8. Suppose -83 = 4*w - r. Suppose u + o = -o + w, -5*o + 109 = u. What are the prime factors of u?
2, 47
Suppose 6*n + 25*n = 2604. Suppose 82*v + 1186 = n*v. What are the prime factors of v?
593
Suppose 33*g - 12 = 32*g. Let f = g - 13. List the prime factors of (f/(-3))/((-2)/(4 - 238)).
3, 13
Let q(o) = -4061*o - 1566. What are the prime factors of q(-4)?
2, 41, 179
Suppose 4*q = 1733 - 257. Let w be 833/(-4) + -4 - 9/12. Let m = w + q. What are the prime factors of m?
2, 3, 13
Let g be (-2)/(-5) - 58/145. Let m(h) = -4*h - 97. Let x(i) = -9*i - 195. Let f(o) = -13*m(o) + 6*x(o). List the prime factors of f(g).
7, 13
Let r(f) = -2*f**3 + 3*f**2 - 27*f - 170. What are the prime factors of r(-17)?
2, 17, 19
Suppose 1112 = -6*o - 580. Let h = o - -553. What are the prime factors of h?
271
Suppose 11*y - 8*y - 1956 = 0. Suppose -6*q + 362 = -y. What are the prime factors of q?
13
Let a(u) = -2*u**3 + 2*u**2 + 6*u - 5. Let g be a(4). Let s = -1465 - -1454. List the prime factors of (-9688)/g - 2/s.
2, 3, 7
Suppose -t + 2*v + 3*v = 6, 2*t - 20 = 2*v. Let f be 46/t - 6*(-1)/(-21). Suppose u + u - 194 = -f*n, -5*u - n = -472. What are the prime factors of u?
2, 47
Suppose 2*q = 4*v + 33370, -3*q + 50027 = -6*v + 4*v. List the prime factors of q.
3, 5557
Let x(r) = 21*r**2 + 25*r + 16. What are the prime factors of x(17)?
2, 3, 5, 7, 31
Let o(b) = -7*b + 33. Let t be o(4). Let z(q) = -7 - 24*q**2 + 57*q**2 - 27*q**2 - t*q. What are the prime factors of z(5)?
2, 59
Suppose -o - 6 = 2*o. Let m(u) be the third derivative of -11*u**4/6 - u**3/2 + 13*u**2. List the prime factors of m(o).
5, 17
Suppose 12*d - 28 = 5*d. Suppose 2 - 4 = -2*n, -d*n = -5*m - 184. Let i = m + 140. List the prime factors of i.
2, 13
Let h(o) = 1112*o**2 - 70*o + 188. List the prime factors of h(3).
2, 4993
Suppose 415*g = 258*g + 6704371. What are the prime factors of g?
42703
Let o(s) = 37*s**2 + 42*s + 87. What are the prime factors of o(13)?
2, 11, 313
Let p be -3 - ((-196)/6 + (-8)/24). Suppose 2*q - p = 444. List the prime factors of q.
3, 79
Suppose -3*s + 14081 = 3*p - 4399, 11*p = 4*s + 67730. List the prime factors of p.
2, 3079
Suppose 45 = 4*q + 3*d, -2*d - 12 - 9 = -3*q. Suppose -1022 = -q*l + 31. List the prime factors of l.
3, 13
Let n(r) = 30*r**2 + r + 1. Let m be n(-1). Suppose -m*t = -25*t - 1220. List the prime factors of 6/6*t + 3.
13, 19
Suppose 2*s - 4*v - 32736 = 0, 0 = s - 2*s + 5*v + 16377. List the prime factors of s.
2, 3, 101
Let z = -83 + 51. Let n be z/(-24) + (-4)/(-6) + 0. Suppose -b = b - 3*m - 141, -2*b - n*m = -136. List the prime factors of b.
3, 23
Suppose 3*u + 168831 = 11*u + 9039. What are the prime factors of u?
2, 3, 3329
Let t(d) = -d**2 + 24*d - 36. Let m = -31 - -49. What are the prime factors of t(m)?
2, 3
Let b(v) = v**2 - 57*v + 150. Let o be b(-27). Suppose -5*z - 1457 = -3*j, 2*z = 5*j + 4*z - o. What are the prime factors of j?
2, 11
Suppose s - 4*n = 19, 13*s - 17*s + 3*n = -24. Suppose 5*f - 2313 = s*q, 1353 = 2*f + q + 430. List the prime factors of f.
2, 3, 7, 11
Suppose -3300300 = -98*r - 73*r. List the prime factors of r.
2, 5, 193
Suppose -12 = -9*u - 66. Let t(a) = a + 105. What are the prime factors of t(u)?
3, 11
Suppose 1737 = 10*t - 4283. Suppose 6*x = t + 3946. What are the prime factors of x?
2, 379
Suppose 3*f - 2*f - 4*p + 20 = 0, -4*p + 20 = 0. Let x(o) = -o**3 + 9*o**2. Let g be x(8). List the prime factors of (g/12 + f)/(2/30).
2, 5
List the prime factors of (2829188/(-2044))/(1/(-7)).
9689
Suppose p - 2*b - 8322 = 3414, 3*b = -12. What are the prime factors of p?
2, 733
Let h(d) = d**2 - 12*d + 1. Let z be h(12). Let m be 2 + -3 - z - -26. Suppose 0 = -5*s + m + 21. What are the prime factors of s?
3
Let d(p) = 4*p + 41. Let q be d(-9). Suppose 11*j - 12*j = -2*t + 1056, -5*t = q*j - 2625. What are the prime factors of t?
17, 31
Let x be ((-6)/(-9))/(-5 + 445/90). List the prime factors of 104*((-111)/x + -6).
2, 13
Let y(l) = -l**2 + 20*l - 3. Let f = -40 + 58. Let g be y(f). Suppose g = -0*v + 11*v. List the prime factors of v.
3
Suppose 10*g - 6*g + 236 = 0. What are the prime factors of (25 - -31)/((-2)/g)?
2, 7, 59
Let r(g) = 178*g**3 + 8*g**2 + 75*g - 468. What are the prime factors of r(6)?
2, 3, 239
Let m(w) be the second derivative of w**3/3 + 115*w**2/2 - 41*w. List the prime factors of m(17).
149
Suppose -2*d + 64 = 2*t, 3*d = -0*d + 4*t + 82. Suppose -d*v = -23*v - 42. List the prime factors of (-75)/v*(-456)/20.
3, 5, 19
Let f be 44/88*(-1 + 1). Suppose f = -v + 8*a - 7*a + 107, 5*v + a = 559. List the prime factors of v.
3, 37
Let g(b) = 13*b**2 - 136*b - 116. List the prime factors of g(45).
20089
Let i(g) = -g**3 + 6*g**2 + 9*g + 4. Let m be i(7). Let y be 1 + 3 - 7/((-7)/m). Suppose -2*o = -5*s - 115, -o + 28 = 5*s - y. What are the prime factors of o?
5, 11
Let z(f) = 142*f**2 - 2*f + 2. Let h(n) = -n**2 - 11*n + 13. Let u = -95 + 83. Let y be h(u). List the prime factors of z(y).
2, 71
Let n be 2/(((-2)/(-21))/(28/(-7))). Let r = n - -93. Suppose -r*v + 1095 = -156. List the prime factors of v.
139
Let n = 105 - 102. Suppose 229 = n*h - 5*r, 10*h - 6*h = -2*r + 340. Let f = 215 - h. List the prime factors of f.
2, 3, 11
Let d = 4519 - -1870. List the prime factors of d.
6389
Let h = 1115 + 714. What are the prime factors of h?
31, 59
Let j be ((-5